408 is divided by 1432.
1096
What is the remainder when 5664131 is divided by 7824?
7379
What is the remainder when 5932403 is divided by 1977058?
1229
Calculate the remainder when 627421 is divided by 1260.
1201
What is the remainder when 161954 is divided by 161947?
7
Calculate the remainder when 84348177 is divided by 38.
33
Calculate the remainder when 1411027 is divided by 19.
11
Calculate the remainder when 2938215 is divided by 2360.
15
Calculate the remainder when 43367 is divided by 5158.
2103
Calculate the remainder when 17595295 is divided by 3112.
47
What is the remainder when 16249617 is divided by 28?
13
Calculate the remainder when 26549398 is divided by 26549394.
4
What is the remainder when 20406774 is divided by 15355?
15334
Calculate the remainder when 47256256 is divided by 113.
108
Calculate the remainder when 1850903 is divided by 434.
327
Calculate the remainder when 12915790 is divided by 16.
14
Calculate the remainder when 2483689 is divided by 863.
838
Calculate the remainder when 607682 is divided by 784.
82
Calculate the remainder when 7540736 is divided by 2513565.
41
Calculate the remainder when 10887064 is divided by 10886969.
95
What is the remainder when 68229941 is divided by 45?
41
What is the remainder when 40584 is divided by 13525?
9
What is the remainder when 7753223 is divided by 3742?
3541
What is the remainder when 17006530 is divided by 111?
109
What is the remainder when 15083452 is divided by 5027809?
25
What is the remainder when 599582 is divided by 15360?
542
What is the remainder when 3219915 is divided by 103868?
7
Calculate the remainder when 34096309 is divided by 19123.
0
What is the remainder when 912257 is divided by 152035?
47
Calculate the remainder when 27697747 is divided by 4081.
0
What is the remainder when 60182 is divided by 59652?
530
Calculate the remainder when 6846608 is divided by 3522.
3362
Calculate the remainder when 6534854 is divided by 2360.
14
Calculate the remainder when 113105754 is divided by 101.
96
What is the remainder when 8568272 is divided by 778931?
31
What is the remainder when 14052028 is divided by 780666?
40
What is the remainder when 722970 is divided by 406?
290
What is the remainder when 25937272 is divided by 1520?
1512
What is the remainder when 5506232 is divided by 1835313?
293
Calculate the remainder when 2233295 is divided by 139580.
15
Calculate the remainder when 666640 is divided by 286.
260
What is the remainder when 108518 is divided by 58?
0
Calculate the remainder when 4536653 is divided by 158.
157
What is the remainder when 1594 is divided by 337?
246
What is the remainder when 1442511 is divided by 1417?
5
What is the remainder when 6760996 is divided by 207?
169
Calculate the remainder when 13993463 is divided by 1195.
13
Calculate the remainder when 7852508 is divided by 1657.
1642
Calculate the remainder when 9601 is divided by 636.
61
Calculate the remainder when 15189091 is divided by 37.
36
Calculate the remainder when 420544148 is divided by 32061.
11
Calculate the remainder when 10082903 is divided by 156.
155
Calculate the remainder when 355529 is divided by 514.
355
Calculate the remainder when 294574 is divided by 58815.
499
Calculate the remainder when 27014421 is divided by 18878.
3
Calculate the remainder when 80817553 is divided by 21.
19
Calculate the remainder when 1725906 is divided by 671.
94
Calculate the remainder when 13033143 is divided by 8712.
8703
What is the remainder when 64811831 is divided by 338?
331
What is the remainder when 135642 is divided by 15053?
165
Calculate the remainder when 248893 is divided by 124420.
53
Calculate the remainder when 9144516 is divided by 241.
12
Calculate the remainder when 20505 is divided by 12398.
8107
What is the remainder when 19730746 is divided by 2?
0
What is the remainder when 69147 is divided by 68800?
347
Calculate the remainder when 376561 is divided by 745.
336
What is the remainder when 2205819 is divided by 735272?
3
Calculate the remainder when 2335437 is divided by 391.
385
What is the remainder when 22604707 is divided by 706?
705
What is the remainder when 5789659 is divided by 148?
47
What is the remainder when 6889563 is divided by 7596?
7587
What is the remainder when 7934363 is divided by 604?
219
What is the remainder when 551806623 is divided by 2732?
2727
What is the remainder when 795410 is divided by 2425?
10
Calculate the remainder when 22459693 is divided by 2314.
9
Calculate the remainder when 2116710 is divided by 8711.
8648
Calculate the remainder when 370736 is divided by 370494.
242
What is the remainder when 171603 is divided by 13175?
328
Calculate the remainder when 507086 is divided by 2561.
8
What is the remainder when 131762 is divided by 1738?
1412
Calculate the remainder when 3161825 is divided by 2808.
17
Calculate the remainder when 3785928 is divided by 490.
188
Calculate the remainder when 7524305 is divided by 44.
41
Calculate the remainder when 5885277 is divided by 720.
717
What is the remainder when 13986022 is divided by 86869?
113
What is the remainder when 5682279 is divided by 311?
309
What is the remainder when 3156187 is divided by 1404?
1399
What is the remainder when 769319 is divided by 769273?
46
Calculate the remainder when 314650 is divided by 5192.
3130
Calculate the remainder when 37761594 is divided by 421.
420
Calculate the remainder when 24111880 is divided by 6151.
6111
What is the remainder when 97852 is divided by 223?
178
Calculate the remainder when 135813 is divided by 1234.
73
What is the remainder when 120770 is divided by 322?
20
What is the remainder when 3036653 is divided by 216834?
977
What is the remainder when 1338858 is divided by 89256?
18
Calculate the remainder when 108145 is divided by 549.
541
What is the remainder when 1111805 is divided by 129?
83
What is the remainder when 244814 is divided by 2120?
1014
What is the remainder when 12430 is divided by 5799?
832
Calculate the remainder when 5504188 is divided by 46.
12
What is the remainder when 540436758 is divided by 20?
18
What is the remainder when 5087303 is divided by 833?
172
What is the remainder when 1085175 is divided by 11544?
39
What is the remainder when 9541858 is divided by 34?
30
What is the remainder when 112307 is divided by 37434?
5
What is the remainder when 2575319 is divided by 5256?
5135
Calculate the remainder when 188222 is divided by 37434.
1052
Calculate the remainder when 552573 is divided by 1116.
153
What is the remainder when 4030027 is divided by 15?
7
Calculate the remainder when 7379294 is divided by 778.
742
Calculate the remainder when 36978208 is divided by 2165.
8
Calculate the remainder when 61453 is divided by 11966.
1623
Calculate the remainder when 38678296 is divided by 12892761.
13
Calculate the remainder when 18622372 is divided by 107.
92
What is the remainder when 1402675 is divided by 25501?
120
Calculate the remainder when 42797 is divided by 21141.
515
What is the remainder when 40926 is divided by 2197?
1380
Calculate the remainder when 5978 is divided by 521.
247
What is the remainder when 2351805 is divided by 2010?
105
Calculate the remainder when 28714755 is divided by 144.
3
What is the remainder when 33274491 is divided by 752?
747
Calculate the remainder when 3118533 is divided by 445489.
110
Calculate the remainder when 7681802 is divided by 363.
359
What is the remainder when 548937 is divided by 2704?
25
What is the remainder when 2857222 is divided by 68028?
46
What is the remainder when 81139 is divided by 1228?
91
What is the remainder when 127725 is divided by 2669?
2282
Calculate the remainder when 3388085 is divided by 6.
5
Calculate the remainder when 4664360 is divided by 309.
5
What is the remainder when 2078637 is divided by 80?
77
What is the remainder when 62284 is divided by 145?
79
What is the remainder when 6483 is divided by 1331?
1159
What is the remainder when 103596 is divided by 25899?
0
What is the remainder when 1596607 is divided by 335?
332
Calculate the remainder when 13268 is divided by 1802.
654
What is the remainder when 549435 is divided by 26161?
54
Calculate the remainder when 35581 is divided by 28366.
7215
Calculate the remainder when 202208